 736 a multiple of 46?
True
Is 319 a multiple of 40?
False
Is 20 a factor of 63471?
False
Is 23 a multiple of 14?
False
Does 92 divide 1104?
True
Is 25863 a multiple of 53?
False
Is 18530 a multiple of 12?
False
Is 159 even?
False
Is 129 a multiple of 129?
True
Does 32 divide 35815?
False
Is 111 a factor of 3538?
False
Is 21 a factor of 25368?
True
Is 13662 a multiple of 54?
True
Does 121 divide 2739?
False
Is 22 a multiple of 22?
True
Does 21 divide 6370?
False
Does 6 divide 113?
False
Is 1569 a multiple of 3?
True
Is 10 a factor of 29928?
False
Is 25 a factor of 11975?
True
Is 36 a factor of 12996?
True
Is 9010 a multiple of 44?
False
Is 9 a factor of 1215?
True
Does 37 divide 925?
True
Is 784 a multiple of 14?
True
Is 125 a factor of 86750?
True
Is 35 a factor of 18935?
True
Is 61 a factor of 182?
False
Is 16 a factor of 1183?
False
Does 15 divide 9525?
True
Is 4410 a multiple of 15?
True
Is 16 a factor of 4161?
False
Does 15 divide 844?
False
Does 86 divide 1032?
True
Is 9 a factor of 2798?
False
Does 52 divide 2860?
True
Is 2 a factor of 9?
False
Does 48 divide 240?
True
Is 6 a factor of 12960?
True
Is 5700 a multiple of 19?
True
Is 1855 a multiple of 53?
True
Is 9929 a multiple of 111?
False
Is 21182 a multiple of 17?
True
Does 74 divide 10878?
True
Does 82 divide 1394?
True
Is 6 a factor of 48104?
False
Is 30 a multiple of 5?
True
Does 12 divide 456?
True
Is 10 a factor of 6670?
True
Does 11 divide 264?
True
Does 8 divide 1952?
True
Is 185 a multiple of 10?
False
Does 15 divide 45885?
True
Is 2380 a multiple of 34?
True
Is 889 a multiple of 61?
False
Is 13 a factor of 18634?
False
Does 19 divide 172?
False
Is 123 a factor of 1370?
False
Is 27944 a multiple of 189?
False
Is 10000 a multiple of 13?
False
Does 83 divide 11215?
False
Is 4 a factor of 908?
True
Is 528 a multiple of 24?
True
Does 18 divide 501?
False
Is 981 a multiple of 11?
False
Does 23 divide 414?
True
Does 96 divide 2251?
False
Is 534 a multiple of 23?
False
Does 45 divide 15435?
True
Does 185 divide 11317?
False
Does 10 divide 185?
False
Does 251 divide 64641?
False
Does 3 divide 2407?
False
Is 1073 a multiple of 105?
False
Is 8 a factor of 7720?
True
Does 146 divide 6295?
False
Does 8 divide 5392?
True
Is 2557 a multiple of 17?
False
Is 25 a factor of 127150?
True
Does 64 divide 9728?
True
Does 2 divide 148?
True
Is 14 a factor of 139?
False
Does 16 divide 30093?
False
Does 94 divide 1690?
False
Is 11368 a multiple of 49?
True
Is 10500 a multiple of 50?
True
Is 6 a factor of 1470?
True
Is 54236 a multiple of 14?
True
Is 32608 a multiple of 238?
False
Does 22 divide 1974?
False
Does 70 divide 1460?
False
Is 5142 a multiple of 14?
False
Is 14 a factor of 14560?
True
Is 4420 a multiple of 10?
True
Is 25578 a multiple of 42?
True
Does 5 divide 55?
True
Does 173 divide 1791?
False
Is 20340 a multiple of 60?
True
Is 13133 a multiple of 13?
False
Is 23085 a multiple of 45?
True
Is 10871 a multiple of 6?
False
Is 22 a factor of 44?
True
Is 140 a multiple of 35?
True
Is 49361 a multiple of 5?
False
Is 126 a multiple of 9?
True
Is 13 a factor of 6695?
True
Does 54 divide 10246?
False
Is 1821 a multiple of 111?
False
Does 6 divide 336?
True
Is 4774 a multiple of 42?
False
Is 23171 a multiple of 64?
False
Does 9 divide 768?
False
Is 1434 a multiple of 8?
False
Does 53 divide 53?
True
Does 19 divide 43991?
False
Does 193 divide 36091?
True
Does 17 divide 1666?
True
Is 11 a factor of 517?
True
Is 653 a multiple of 18?
False
Does 9 divide 267?
False
Does 31 divide 82708?
True
Does 69 divide 1878?
False
Is 32 a factor of 1130?
False
Does 8 divide 12081?
False
Is 675 a multiple of 45?
True
Does 51 divide 22029?
False
Is 54668 a multiple of 259?
False
Does 10 divide 190?
True
Is 9 a factor of 325?
False
Is 272 a factor of 20128?
True
Does 25 divide 14200?
True
Is 7 a factor of 1385?
False
Does 130 divide 15860?
True
Is 8 a factor of 1515?
False
Is 39 a factor of 19467?
False
Is 173 a factor of 77850?
True
Is 511 a multiple of 7?
True
Does 15 divide 16745?
False
Is 614 a multiple of 20?
False
Is 3 a factor of 213?
True
Is 1083 a multiple of 19?
True
Does 16 divide 51943?
False
Is 15 a factor of 2370?
True
Does 6 divide 2988?
True
Is 20 a factor of 1200?
True
Is 34338 a multiple of 194?
True
Is 53 a multiple of 51?
False
Is 300 a multiple of 25?
True
Is 7 a factor of 378?
True
Is 15 a factor of 10125?
True
Does 2 divide 335?
False
Is 18 a factor of 19476?
True
Is 81 a factor of 648?
True
Is 68 a factor of 1836?
True
Is 9 a factor of 467?
False
Does 19 divide 14671?
False
Is 47 a factor of 752?
True
Is 74 a factor of 13764?
True
Is 202 a multiple of 178?
False
Is 44 a factor of 45159?
False
Does 83 divide 18911?
False
Is 83 a factor of 332?
True
Does 14 divide 172863?
False
Is 16275 a multiple of 25?
True
Does 6 divide 6408?
True
Is 264 a multiple of 11?
True
Is 124 a factor of 20460?
True
Is 19 a factor of 323?
True
Is 134 a factor of 3515?
False
Is 67815 a multiple of 170?
False
Does 72 divide 5256?
True
Is 90 a factor of 965?
False
Does 10 divide 210?
True
Is 4400 a multiple of 10?
True
Is 51 a factor of 459?
True
Is 48555 a multiple of 39?
True
Is 12919 a multiple of 33?
False
Does 16 divide 29057?
False
Is 1503 a multiple of 12?
False
Does 2 divide 2935?
False
Does 163 divide 18321?
False
Is 15 a factor of 60?
True
Does 39 divide 394?
False
Does 40 divide 720?
True
Is 14 a factor of 126?
True
Is 95 a factor of 55385?
True
Is 34059 a multiple of 62?
False
Is 4 a factor of 356?
True
Does 8 divide 7841?
False
Is 126 a factor of 199?
False
Is 56 a factor of 608?
False
Does 21 divide 1264?
False
Does 10 divide 1718?
False
Is 685 a multiple of 5?
True
Is 1942 a multiple of 32?
False
Is 15480 a multiple of 12?
True
Does 8 divide 19912?
True
Is 39560 a multiple of 86?
True
Does 2 divide 78?
True
Is 15 a factor of 30?
True
Does 311 divide 18660?
True
Is 366 a multiple of 5?
False
Does 72 divide 111960?
True
Is 1727 a multiple of 154?
False
Is 32 a factor of 3191?
False
Is 18 a factor of 663?
False
Does 41 divide 3690?
True
Does 33 divide 264?
True
Is 100677 a multiple of 111?
True
Does 10 divide 23010?
True
Is 108 a factor of 35316?
True
Is 7 a factor of 958?
False
Does 77 divide 7392?
True
Does 17 divide 2176?
True
Is 72 a multiple of 4?
True
Is 196 a multiple of 7?
True
Is 108 a factor of 65485?
False
Does 30 divide 12165?
False
Does 2 divide 81?
False
Is 12918 a multiple of 4?
False
Is 92 a factor of 18584?
True
Is 616 a multiple of 56?
True
Is 765 a multiple of 45?
True
Is 18 a factor of 324?
True
Does 29 divide 1450?
True
Does 5 divide 3726?
False
Does 9 divide 10046?
False
Does 10 divide 1100?
True
Is 27904 a multiple of 128?
True
Is 1536 a multiple of 34?
False
Is 23 a factor of 5681?
True
Is 13 a factor of 260?
True
Does 15 divide 10289?
False
Is 672 a multiple of 14?
True
Does 4 divide 1894?
False
Is 29 a factor of 11629?
True
Does 43 divide 43645?
True
Does 18 divide 8388?
True
Does 14 divide 903?
False
Is 10282 a multiple of 78?
False
Does 111 divide 315?
False
Is 1344 a multiple of 38?
False
Does 20 divide 438?
False
Is 4233 a multiple of 51?
True
Is 2241 a multiple of 32?
False
Is 13 a factor of 3016?
True
Is 8 a factor of 8870?
False
Does 10 divide 366?
False
Does 234 divide 2106?
True
Does 6 divide 91?
False
Is 18 a factor of 2242?
False
Is 4 a factor of 489?
False
Does 25 divide 1350?
True
Is 242 a factor of 15730?
True
Is 21 a factor of 8632?
False
Is 33 a multiple of 3?
True
Is 36 a factor of 41107?
False
Is 15 even?
False
Is 25 a factor of 311?
False
Is 13 a factor of 13897?
True
Is 95 a factor of 855?
True
Is 3072 a multiple of 48?
True
Is 2040 a multiple of 68?
True
Is 9 a factor of 252?
True
Does 107 divide 3944?
False
Is 59 a factor of 3096?
False
Is 32 a factor of 11808?
True
Is 2065 a multiple of 74?
False
Is 103 a factor of 5298?
False
Is 8384 a multiple of 27?
False
Is 42 a multiple of 21?
True
Is 60 a factor of 1080?
True
Is 4 a factor of 258?
False
Does 22 divide 882?
False
Does 14 divide 1652?
True
Does 39 divide 1638?
True
Does 12 divide 241?
False
Is 60 a factor of 480?
True
Is 38664 a multiple of 36?
True
Is 29 a factor of 565?
False
Does 4 divide 177?
False
Does 13 divide 658?
False
Is 45 a factor of 16425?
True
Is 3612 a multiple of 3?
True
Does 2 divide 